{"id":178,"date":"2026-04-13T15:46:05","date_gmt":"2026-04-13T13:46:05","guid":{"rendered":"https:\/\/nuevaweb.nuvelec.com\/?page_id=178"},"modified":"2026-04-14T17:59:19","modified_gmt":"2026-04-14T15:59:19","slug":"videovigilancia","status":"publish","type":"page","link":"https:\/\/nuvelec.com\/index.php\/videovigilancia\/","title":{"rendered":"Videovigilancia"},"content":{"rendered":"\n<div>\n<h1 class=\"gb-text gb-text-6863d849\"><strong>Seguridad Inteligente a su Alcance<\/strong><\/h1>\n<\/div>\n\n\n\n<div class=\"gb-element-d1171d93\">\n<h1 class=\"gb-text\"><strong>Instalamos su sistema de videovigilancia de \u00faltima generaci\u00f3n sin complicaciones t\u00e9cnicas.<\/strong><\/h1>\n<\/div>\n\n\n\n<div class=\"gb-element-2cb09454\">\n<p class=\"gb-text\"><strong>Olv\u00eddese de costes adicionales:<\/strong> nuestro sistema funciona con cualquier tipo de conexi\u00f3n (IP fija o din\u00e1mica), evitando que tenga que contratar servicios extra con su operador de telefon\u00eda.<\/p>\n<\/div>\n\n\n\n<div class=\"gb-element-7410e157\">\n<h3 class=\"gb-text\"><strong>Control Total y Notificaciones en Tiempo Real<\/strong><\/h3>\n<\/div>\n\n\n\n<div class=\"gb-element-46dbe6ea\">\n<p class=\"gb-text\">Gestione su seguridad desde cualquier lugar mediante <strong>App exclusiva<\/strong> para Smartphone (iOS y Android), Tablet o PC.<\/p>\n\n\n\n<div class=\"gb-element-c16d33f5\">\n<ul class=\"wp-block-list\">\n<li><strong>Push Notifications:<\/strong> La verdadera revoluci\u00f3n. Reciba una alerta instant\u00e1nea en su m\u00f3vil cada vez que se active una alarma.<\/li>\n\n\n\n<li><strong>Verificaci\u00f3n por V\u00eddeo:<\/strong> A diferencia de otros sistemas, recibir\u00e1 un clip de v\u00eddeo con los momentos previos (<strong>Pre-Alarma<\/strong>) y posteriores (<strong>Post-Alarma<\/strong>) al evento. Verifique qu\u00e9 ocurre al instante sin depender de terceros.<\/li>\n\n\n\n<li><strong>Alertas por Email:<\/strong> Si lo prefiere, reciba avisos con capturas fotogr\u00e1ficas directamente en su bandeja de entrada.<\/li>\n<\/ul>\n<\/div>\n<\/div>\n\n\n\n<div class=\"gb-element-8004aba9\">\n<h3 class=\"gb-text\"><strong>Funcionalidades Clave<\/strong><\/h3>\n<\/div>\n\n\n\n<div class=\"gb-element-ae4de454\">\n<ul class=\"wp-block-list\">\n<li><strong>Visualizaci\u00f3n en Vivo:<\/strong> Acceda a sus c\u00e1maras en segundos con una interfaz intuitiva y fluida.<\/li>\n\n\n\n<li><strong>Acceso Remoto a Grabaciones:<\/strong> Revise el historial almacenado en sus grabadores seleccionando simplemente la fecha y hora que desee consultar.<\/li>\n\n\n\n<li><strong>Conectividad Total:<\/strong> Optimizado para redes Wi-Fi, 4G y 5G.<\/li>\n<\/ul>\n<\/div>\n","protected":false},"excerpt":{"rendered":"<p>Seguridad Inteligente a su Alcance Instalamos su sistema de videovigilancia de \u00faltima generaci\u00f3n sin complicaciones t\u00e9cnicas. Olv\u00eddese de costes adicionales: nuestro sistema funciona con cualquier tipo de conexi\u00f3n (IP fija o din\u00e1mica), evitando que tenga que contratar servicios extra con su operador de telefon\u00eda. Control Total y Notificaciones en Tiempo Real Gestione su seguridad desde &#8230; <a title=\"Videovigilancia\" class=\"read-more\" href=\"https:\/\/nuvelec.com\/index.php\/videovigilancia\/\" aria-label=\"Read more about Videovigilancia\">Read more<\/a><\/p>\n","protected":false},"author":1,"featured_media":0,"parent":0,"menu_order":0,"comment_status":"closed","ping_status":"closed","template":"","meta":{"footnotes":""},"class_list":["post-178","page","type-page","status-publish"],"_links":{"self":[{"href":"https:\/\/nuvelec.com\/index.php\/wp-json\/wp\/v2\/pages\/178","targetHints":{"allow":["GET"]}}],"collection":[{"href":"https:\/\/nuvelec.com\/index.php\/wp-json\/wp\/v2\/pages"}],"about":[{"href":"https:\/\/nuvelec.com\/index.php\/wp-json\/wp\/v2\/types\/page"}],"author":[{"embeddable":true,"href":"https:\/\/nuvelec.com\/index.php\/wp-json\/wp\/v2\/users\/1"}],"replies":[{"embeddable":true,"href":"https:\/\/nuvelec.com\/index.php\/wp-json\/wp\/v2\/comments?post=178"}],"version-history":[{"count":4,"href":"https:\/\/nuvelec.com\/index.php\/wp-json\/wp\/v2\/pages\/178\/revisions"}],"predecessor-version":[{"id":281,"href":"https:\/\/nuvelec.com\/index.php\/wp-json\/wp\/v2\/pages\/178\/revisions\/281"}],"wp:attachment":[{"href":"https:\/\/nuvelec.com\/index.php\/wp-json\/wp\/v2\/media?parent=178"}],"curies":[{"name":"wp","href":"https:\/\/api.w.org\/{rel}","templated":true}]}}